 30. Suppose f*q + 19 = 7. Let b(p) = 8*p**2 - 2*p - 5. Is b(q) a composite number?
False
Let y(f) = 3*f**3 - 6*f**2 + 1. Let q = 6 + -2. Let w be y(q). Let x = w + -50. Is x a composite number?
False
Suppose 3*d + q + 16 = 399, 3*q - 260 = -2*d. Is d composite?
False
Let l = 341 - 4. Is l prime?
True
Let h(g) = -277*g - 15. Is h(-8) composite?
True
Suppose -y + 5*h = -106 - 12, -2*y + 4*h + 206 = 0. Let z = 51 - y. Is (z/(-4))/(9/12) prime?
False
Let s = -7 - -4. Is s/3*-1*19 a composite number?
False
Let q = 7 + -7. Suppose -3*o - 8 = -2. Is 83 - ((2 - q) + o) a composite number?
False
Suppose -8 = -4*j + 2*j, j = 3*h - 2. Suppose -w - p = h, p = -w + 2*w - 6. Suppose 17 = u + w. Is u composite?
True
Suppose f = 2*f - 420. Suppose 3*j + 0*j - f = 0. Suppose 0*h + j = 4*h. Is h composite?
True
Let w(c) = c**2 - 5*c - 10. Is w(-7) composite?
True
Suppose 3*r = -5*i + 84 + 132, -3*r + 237 = -2*i. Is r composite?
True
Let c(d) be the first derivative of -d**7/24 - d**6/180 + d**4/24 + d**3 - 1. Let m(x) be the third derivative of c(x). Is m(-1) composite?
True
Suppose 0*x - 3*x + 390 = 0. Let v = -77 + x. Is v composite?
False
Is ((-12)/(-4) - 4)*-31 prime?
True
Suppose 0 = t - 5*t + 236. Suppose 0*a - a - 4*b = -t, 45 = a - 3*b. Is a a composite number?
True
Suppose -2*u + 39 + 95 = 0. Is u prime?
True
Suppose 14*f - 8*f - 1794 = 0. Is f composite?
True
Suppose 0*o = -2*o + 6. Suppose 4*t + 1 = 5*v + 8, o = 3*v. Suppose 2*j - 62 = -t*d, -2*d + 45 = j + 3*d. Is j a prime number?
False
Let j = 87 - 44. Is j a prime number?
True
Let n(w) = -w**3 + 13*w**2 + w + 7. Let m = -1 + 7. Is n(m) prime?
False
Let b = -422 + 655. Is b a composite number?
False
Let c(w) = w**3 + 4*w**2 + 3*w + 1. Let q be c(4). Let y = 68 + q. Is y a prime number?
False
Let v = -2 - 1. Is 2/v + (-167)/(-3) composite?
True
Suppose 5*x - 16 = 19. Let n = x - 11. Is (-146)/n - (-3)/6 prime?
True
Let q(o) = o**3 + 9*o**2 + 8*o - 7. Let s(l) = 3*l**3 + 19*l**2 + 17*l - 14. Let a(t) = 5*q(t) - 2*s(t). Is a(6) a prime number?
False
Suppose 0*u + 3*u = -9. Let l = 4 - u. Is l a composite number?
False
Suppose b + 4 = -2*z + 21, -3*z = -15. Let s = 10 - b. Suppose -s*y - 27 = -4*p, -2*p - p = -2*y - 21. Is p a prime number?
False
Let p(u) = 4*u**3 + 2*u**2 - 2*u + 1. Let a be p(1). Is a/(-20) - 314/(-8) prime?
False
Suppose -y = 4*j - 4, -j + y + 4 = 2*y. Let p = 214 - 99. Suppose j = 2*i - 3*b - 46, -5*i + 2*b + p = -0*b. Is i a composite number?
False
Suppose -3*g + 4*k = -2754, 1938 = 3*g + 5*k - 843. Is g a prime number?
False
Let j(s) = 114*s + 17. Is j(5) a composite number?
False
Suppose 78 - 321 = 3*j. Let i = -3 + 0. Is i + (-3)/(-3) - j a prime number?
True
Let u(s) = s + 2. Let c be u(5). Let i(w) = -w**2 + 6*w + 2. Let f be i(c). Let b = 15 + f. Is b a prime number?
False
Let b = 534 + -343. Is b composite?
False
Suppose 0 = 4*r + 2*v - 646 - 1284, v + 490 = r. Is r a composite number?
True
Let o be (-4)/(-10) + (-203)/(-5). Suppose -4*n + 3*j + 18 = j, 0 = -4*j + 4. Suppose -34 = -n*a + o. Is a a prime number?
False
Suppose -1934 = -6*b - 176. Is b a prime number?
True
Let a be -8*(-2 - 15/(-6)). Let w = 4 + a. Suppose -4*v - 5*j + 128 = 0, 5*j - 54 = -2*v - w*j. Is v a prime number?
True
Suppose -3*t = 3*q - 30, -t - 4*t + 54 = 3*q. Suppose -5*w - 5 = -4*h + 1, 0 = -3*h + t. Suppose -2*z + 44 = w*p, -2*p = -0*p - 2. Is z a prime number?
False
Let c(q) = -q**3 + 4*q**2 + 4*q - 12. Let k be 4/8 - 17/(-2). Let r be c(k). Is 1/((-1146)/r + -3) composite?
False
Let d(r) = 2*r**2 + 3*r + 9. Suppose 16 = -4*o - 4*m, -3*o + m + 3 = -m. Let x be 2/o + 1*-6. Is d(x) prime?
True
Let x = 148 + -213. Let p = x - -154. Is p a composite number?
False
Let q(n) = -n**2 + 2*n + 3. Let t be q(-2). Let y(b) = 4*b**2 - 3*b. Is y(t) a composite number?
True
Let s(u) = 9*u**2 + 3*u - 2. Let z be s(4). Suppose 3*b - 164 = 2*j - 2*b, -5*j = -2*b + 431. Let x = z + j. Is x a prime number?
True
Suppose 0 = 5*v + 2 - 12. Let r(l) = 4*l - 3. Let p be r(v). Suppose -3*o + 2 = -4*s - 45, p*o - 101 = s. Is o a prime number?
False
Suppose -4*k = -5*x - 183, -74 = -4*k - 2*x + 88. Let l = -106 - -191. Let g = k + l. Is g prime?
True
Suppose -4*f - 150 = -2*f + 4*m, 4*f - 2*m + 250 = 0. Let p = f + 108. Is p a composite number?
False
Suppose 0 = -2*k + 4*b + 2786, 2*b + 6983 = 5*k + b. Is k a composite number?
True
Let b be 318/(-1 + 4) - -3. Let x = 162 - b. Is x a composite number?
False
Suppose -5*t - 4*g - 170 = -0*g, -t = 4*g + 50. Let o = t + 51. Is o a composite number?
True
Is 341 + 0*4/16 prime?
False
Is 1 + 1802 - 5/(-15)*-6 composite?
False
Suppose 2979 - 525 = 2*t. Is t prime?
False
Let h be 0 + (1 - -44)/3. Let j = -8 + h. Let k = 12 + j. Is k a prime number?
True
Is (-1 + -297)*-4*(-1)/(-8) prime?
True
Suppose -2302 = -2*q - 524. Is q composite?
True
Let v(m) = -m + 19. Let u be v(9). Let b(n) = n**2 - 5*n + 3. Is b(u) prime?
True
Let w = 8 + -5. Let u(x) = -x**2 - 11*x + 16. Let s be u(-12). Is s/2 + w*15 composite?
False
Let u = -168 - -579. Is u composite?
True
Let k(n) = -146*n + 3. Let l be k(-2). Suppose -l = -4*f + 213. Is f a composite number?
False
Suppose 0 = -5*w - 2*h + 351, -2*h + 5*h + 361 = 5*w. Is 66/24*(w + -3) composite?
True
Suppose 9*k + 10 = -3*x + 4*k, 0 = 5*k + 10. Let p be 4 + x - (2 + -1). Suppose 11 = -p*f + 4*f. Is f a prime number?
True
Let v = -9 + 18. Suppose v = p + 2*p. Is ((-4)/p)/(2/(-39)) a prime number?
False
Let a(k) = k**3 - 3*k**2 + k - 1. Let t be a(3). Is 2 - (-213 - t) - -4 composite?
True
Let y(m) = 62*m - 11. Is y(8) a composite number?
True
Let y = -186 - -126. Let j = 157 + y. Suppose 3*h - 3*x - 111 = 0, -h - 4*x + j = 2*h. Is h prime?
False
Let g = 3 + 1. Suppose g*m = -1 - 11. Is 116/1*1 - m prime?
False
Let b(h) = -2 + 0*h**3 - 3*h + 0*h**3 - h**3. Suppose u = c + c + 8, -2*c - 2 = 2*u. Is b(c) a composite number?
True
Let c be (-14)/10 - 4/(-10). Suppose -47 + 379 = 2*d. Is d*c*(-1)/2 a prime number?
True
Suppose -5*t - 5 - 12 = -3*q, 5*q - 17 = -3*t. Let c be (-4)/((-1)/(t/2)). Is 207 - (-1 + 1 - c) a prime number?
False
Let n = 167 - 88. Is n a composite number?
False
Let x = -329 - -460. Is x prime?
True
Let y(r) = r**2 + 12*r + 1. Let g(a) = -a**3 + 5*a**2 - 3*a + 1. Let i be g(5). Let j be 2 + (i + -1)*1. Is y(j) a prime number?
False
Let v(k) = -k**3 - 8*k**2 + 13*k + 4. Is v(-10) a composite number?
True
Suppose 5*j - 24 = -9. Suppose -2 = -j*b + 4*b. Is 1 + b + (15 - 3) a composite number?
False
Let w be 12 + -3 - (-1 + 0). Let g = 9 + w. Is g a prime number?
True
Let v = -14 - -20. Suppose 2*n - v*c - 10 = -3*c, 4*n - 20 = -4*c. Suppose n*j + 38 = 223. Is j a composite number?
False
Let h(q) = 54*q**2 - q - 4. Is h(3) a composite number?
False
Let i(z) = 72*z**2 - 1. Is i(-1) composite?
False
Suppose 8*g = 4*g + 132. Is g prime?
False
Let z(r) = 259*r**2 - r. Let k be z(-1). Suppose -5*d + d - 4*j = -k, 2*d = -3*j + 130. Is d a composite number?
True
Let h(s) = -s - 2. Let n be h(-6). Let z(a) = a + 7. Let w be z(-3). Suppose -y - t = -10 - 5, 0 = n*t - w. Is y a prime number?
False
Suppose -5*u + 372 = -2*d, -4*u + 215 + 73 = -4*d. Suppose 23 = -k + u. Is k composite?
False
Let x be ((-6)/12)/((-1)/6). Suppose m + 5*c = 94, 3*m - 102 = x*c + 126. Is m composite?
False
Is 4 + (-1 - 2) + 628 a composite number?
True
Let p(t) = -t**3 + 5*t**2 + 5*t + 7. Let a be p(6). Is 2/(-8)*(-716)/a a prime number?
True
Let h(l) = l**2 + 1. Let o(g) = 4*g**2 - 6*g + 7. Let j(i) = 3*h(i) - o(i). Let f be j(3). Suppose -u = -r + 4*r - 118, r - 44 = -f*u. Is r composite?
True
Suppose 12*z - 13*z = -737. Is z a prime number?
False
Suppose -w - 4*c + 955 = -0*w, 4775 = 5*w + 5*c. Is w a prime number?
False
Suppose 3*c - 5*k = 53 + 361, 3*c + 5*k = 414. Let q(o) = -96*o + 1. Let l be q(-2). Let t = l - c. Is t a composite number?
True
Let w(v) = -v**2 + 13*v + 1. Suppose -30 = -5*k - i + 6*i, 0 = 3*k - 4*i - 13. Is w(k) prime?
True
Let r(l) = -l**3 - l**2 - l + 393. Let f be r(0). Suppose 2*d = j - 2*d - f, -2*j - 4*d = -726. Is j a composite number?
False
Let x = 304 - -183. Is x a prime number?
True
Suppose -4*j + 5*j = 3109. Is j a composite number?
False
Let k = 2 + 7. Suppose 5*v + 560 = k*v. Suppose -v - 97 = -3*a. Is a a prime number?
True
